
-6
Let d be 30/((2 - -7) + -3). Let n(q) = -q**2 + q + 28. Calculate n(d).
8
Let t(o) = -o**3 - 5*o**2 + 28*o + 146. Let g be t(-5). Let n(u) = -11*u + 15. Determine n(g).
-51
Let q(h) = -3*h + 12. Let k(a) be the first derivative of a**2 - 7*a + 25. Let n(t) = 5*k(t) + 3*q(t). What is n(-2)?
-1
Let l = -7192 - -7192. Let q(s) = -s**2 + 108. What is q(l)?
108
Let i(z) = -z - 7. Let t(u) = -u + 6. Let p be t(3). Let q be ((0 - -1) + -2)*p. Let k be (-3 - q)/(-5 - -10). Calculate i(k).
-7
Let v(i) = i**3 - 14*i**2 + 27*i + 52. Let f be 181/905*2/4*110. What is v(f)?
-14
Let q(a) = 7*a - 6*a + 7*a + 17 + 11. Let b be q(-3). Let r be 32/(-12)*(-6)/b. Let s(t) = t + 2. What is s(r)?
6
Let f = 225 + -224. Let l(k) = -10*k**2 - 3*k - 2. Let z(v) = -v**2 - v. Let o(p) = f*l(p) - 2*z(p). Determine o(-1).
-9
Let r(o) = 2*o - 10. Let m(v) = -16*v + 78. Let k(g) = m(g) + 6*r(g). Give k(9).
-18
Let w(m) = -8*m - m - m - 4*m + 16*m. Let r(v) = -13*v - 15. Let c(y) = 2*r(y) + 14*w(y). Determine c(15).
0
Let o(w) be the third derivative of -w**4/6 - 5*w**3/6 + 2*w**2. Suppose -33*q - 31 = 35. Give o(q).
3
Suppose 14*m + 41 = -12 + 11. Let p(v) = 2*v**2 + 9*v + 18. Give p(m).
9
Let r be 1/(2 + -4)*(-1 - (3 - 0)). Let b(t) be the third derivative of t**6/60 - t**5/30 + t**4/12 - t**3/6 - 3*t**2. Determine b(r).
11
Let t = 115 - 116. Let i(z) = -5*z**2 + 15 - 16 + 2. Determine i(t).
-4
Let n(f) = -f**2 + 5*f + 7. Let d be (-36)/198 - (-92)/22. Suppose 2*b - y = -b + 77, -d*b + 108 = -4*y. Suppose 45 = 10*c - b. Give n(c).
-7
Let i(k) be the third derivative of -k**6/120 + k**5/15 + 13*k**4/12 + 7*k**3/6 - 5*k**2 + 170*k - 4. Determine i(8).
-41
Let g(a) = -127*a - 76. Let y(z) = 79*z + 50. Let h(s) = 5*g(s) + 8*y(s). What is h(4)?
8
Let a(i) be the first derivative of -5*i**2/2 + 81*i + 799. Determine a(16).
1
Let p(s) be the first derivative of -s**3/3 - 3*s**2/2 - 5*s + 242. What is p(5)?
-45
Let u(r) = 5913*r + 0*r**3 + r**3 + 1 - 5914*r. Let h be (-2)/(-8) - 76/(-16). Suppose 2*n + 8 = -o, -n - 2*o - 5 - h = 0. Give u(n).
-5
Suppose -3*x - 75 = -32*x + 12. Let w(q) = 43*q - 120. Give w(x).
9
Let z(j) = j**3 - 4*j**2 - 2*j + 13. Let w(g) = -g + 3. Let v be w(8). Let m(r) = r**3 - 5*r**2 - 2*r + 12. Let s(d) = v*m(d) + 4*z(d). Calculate s(9).
10
Let m be ((-3)/(-15) - -1)/(51/85). Suppose -1 = 3*r + 5, t - 8 = 3*r. Let w(u) = -2*u - 3*u**2 + 4*u**t - 5 + 6 - m*u**3. Give w(1).
-2
Let k be (1 - 3) + 1 + 1. Let f be k - (-2)/3*18/(-4). Let z(v) = -v**2 - 5*v + 1. What is z(f)?
7
Let b(o) be the first derivative of -o**3/3 - 7*o**2/2 + 5*o - 11550. What is b(-4)?
17
Let r(b) = -b**3 - 5*b**2 + 3*b + 9. Let g(p) = -6*p**2 - 28*p + 51. Let t be g(-13). Let i = t - -593. Determine r(i).
27
Suppose 119*y = 121*y - 626. Suppose 117 = -y*l + 304*l. Let v(s) = -s**3 - 12*s**2 + 15*s + 26. What is v(l)?
0
Let h(o) = -o + 4. Suppose -3*q - 274 = -2*a - 2*a, -2*a - q = -132. Suppose -8*y + 4*y - a = p, -293 = 5*p - y. Let i = p + 63. What is h(i)?
0
Let g = 4254 + -4257. Let y(c) = 27*c**2 + 80*c - 4. What is y(g)?
-1
Let d(c) = 6*c**2 + 2*c + 3. Let a(w) = -w**2 + w. Let r = 23 + -18. Suppose -3*f - 15 = -0*m + 3*m, 0 = -4*m + r*f + 16. Let b be a(m). What is d(b)?
23
Let c(l) = -80*l - 9. Suppose -73*j - 4*u - 30 = -68*j, -2*u = 3*j + 16. What is c(j)?
151
Let l(j) = -5*j + 23. Suppose -2*a + 5*u = 32, -147 + 124 = 3*a + 5*u. What is l(a)?
78
Let t(y) be the second derivative of 1/12*y**4 + y**2 - 5/6*y**3 + 16*y + 0. Calculate t(6).
8
Let f = 1395 - 1397. Let i(j) = 4*j**3 - j**2 - 3. Calculate i(f).
-39
Let q(c) = -23*c**2 - 87*c + 11. Let j = -264 + 298. Let g(s) = -4*s**2 - 15*s + 2. Let b(v) = j*g(v) - 6*q(v). Calculate b(-6).
2
Let g(h) = -89*h + 150*h - 34 - 65*h. Calculate g(-7).
-6
Let k(r) be the third derivative of -r**6/120 + r**4/24 - r**3/3 + 4*r**2 + 44*r. Let b = 10 - 7. Calculate k(b).
-26
Let g(j) = -402*j + 715*j - 327*j - 2. Determine g(1).
-16
Let b(l) = -4*l - 30. Let z(v) = 5*v + 24. Let a be (-31)/8 + (-9)/(-6 + 78). Let x(c) = a*b(c) - 3*z(c). Give x(0).
48
Let g(s) = -3*s + 6*s**2 - 7*s**2 + 1726645 - 1726649. Let w be -1 - -1 - (13 - 10). What is g(w)?
-4
Let n(y) be the first derivative of -3*y**2/2 - 4*y + 1750. Calculate n(6).
-22
Let p(o) = 1. Let h(f) = 3*f - 7. Let a be h(3). Suppose -10*s - a = -12*s. Let n(v) = -v + 2. Let y(r) = s*n(r) - 2*p(r). What is y(0)?
0
Let g(k) = -73*k**3 - 79*k**3 + 314*k**3 - 3*k - 80*k**3 + 1 + 2*k**2 - 83*k**3. Suppose -5 = 5*u - 20. What is g(u)?
-17
Let o = -486 - -478. Let r(a) = 8*a + 56. Let g be r(o). Let i(x) = -x**3 - 9*x**2 - 8*x - 4. What is i(g)?
-4
Let d(h) = h - 5. Suppose -43*o = -18*o + 500. Let i be (-8 + (-195)/o)*4. Determine d(i).
2
Suppose -179*g - 105 = -1000. Let s(l) be the first derivative of l**3/3 + l**2/2 - 2. Let f(q) = 4*q**2 - 3. Let t(w) = f(w) - 3*s(w). Calculate t(g).
7
Let v(s) = -s**3 + 4*s**2 + 3*s + 2. Let b be 1 + ((-4)/((-16)/(-172)) - -3). Let n = -49 - -15. Let g = n - b. Give v(g).
-8
Let f(v) = v**3 - 13*v**2 - 3*v + 34. Let z be -2 + (0 - 150/(-10)). Calculate f(z).
-5
Suppose 8 = -66*i - 1546 - 162. Let h(k) = k**3 + 24*k**2 - 50*k + 46. Determine h(i).
-6
Suppose -141 = 5*s + 459. Let v = -123 - s. Let z(d) = -2*d**2 + d**3 - 4*d - 1 + 6*d**2 - 3*d**2. Give z(v).
-7
Let t(b) be the first derivative of -b**4/4 + 4*b**3 + b**2 - 19*b - 30. Let f be t(12). Let g(w) = 3*w + 3. Give g(f).
18
Let t(z) = -59*z + 184. Let w be t(13). Let d = -585 - w. Let c(v) = v**3 - v + 4. What is c(d)?
-2
Let b(f) = 2*f**3 - 11*f**2 - f + 11. Suppose 9*z + 36593 - 36638 = 0. Determine b(z).
-19
Let a = 36 + -28. Suppose -3*i + a = -19. Let n(y) = 2024 - 2*y - 2021 + 3*y. What is n(i)?
12
Let b(d) = -d**2 - 2*d - 2. Let k(h) = 157*h**2 + 2*h + 1. Let g be k(1). Let v be (-10)/(-45) - g/(-9). Suppose -15*c - v = -6*c. Give b(c).
-2
Suppose 2*g + 2*h + 8 = -8, -g + 4*h + 12 = 0. Let x(k) = -35*k - 1. Let b(p) = -16*p - 1. Let q(d) = g*x(d) + 9*b(d). Calculate q(-6).
19
Let a(r) = r**2 - r - 3. Suppose 4*y + 173 = f, 0 = 4*y + y - 5*f + 205. Let l be (-1)/(4 + y/12). Let s = 6 + l. Calculate a(s).
3
Let l(d) be the second derivative of -d**7/315 - d**5/120 + 8*d**4/3 - 68*d. Let m(f) be the third derivative of l(f). Give m(1).
-9
Let c(i) be the first derivative of -i**5/20 - 11*i**4/12 - 5*i**3/3 - 7*i**2/2 + 18*i + 1. Let s(l) be the first derivative of c(l). Determine s(-10).
-7
Let y be 2/(-1) + 1*-7. Let c(k) be the first derivative of -10*k - 55 + 82 - k**2 - 51. Determine c(y).
8
Let h(v) be the third derivative of -11*v**4/12 - 229*v**3/6 + v**2 - 5*v - 1. What is h(-10)?
-9
Let k(x) = 4784*x**2 - 10 - 4778*x**2 + x**3 + 13 - 16*x + 9. Give k(-8).
12
Let p(b) = -b**3 - 3*b**2 + 3*b - 3. Suppose 5*r = 5*t - 25, -5*t = -5*r - 3*t - 10. Suppose -5*y + 0 - 5 = r. Let n be (y - 20/7) + 1/(-7). Determine p(n).
1
Let c(x) = x**3 + 6*x**2 - 7. Let z(p) = p**2 + p + 1. Let l(u) = -2*u**2 - 21*u + 23. Let n(y) = -l(y) - z(y). Let d be n(-20). Let s = 18 + d. Calculate c(s).
-7
Let h(q) = 2*q + 7. Let t be h(-8). Let u(z) = z + 2. Let i(j) = 4*j - 7. Let o(n) = -i(n) + 6*u(n). Determine o(t).
1
Let w(y) = -17*y - 3. Let i(u) = -6*u - 1. Let z(o) = 8*i(o) - 3*w(o). Let r be -9*2*3*(-20)/45. Suppose 31*n - 14 = r*n. Give z(n).
7
Let x(d) = -12*d - 15*d + 13*d**2 - 27*d**2 + 4*d**2 - 66 + 11*d**2. Give x(29).
-8
Let l(x) = 48*x - 32. Let y(k) = -76*k + 48. Let s(i) = -8*l(i) - 5*y(i). Determine s(3).
4
Let d(x) = 7*x + 78. Let p be 156/16*44/(-33). Determine d(p).
-13
Let t(g) = -81 - 810*g - 818*g - 810*g + 2426*g. Give t(-7).
3
Let x(r) = 8*r**2 - 31*r - 1. Let j(v) = -22*v**2 + 89*v + 2. Let g(d) = 6*j(d) + 17*x(d). Calculate g(2).
25
Suppose 6*n + 20521 - 20743 = 0. Let p(v) = -17*v + 637. What is p(n)?
8
Let a(b) = 5*b - 25. Let m(s) = 8*s - 43. Let y(o) = 5*a(o) - 3*m(o). Give y(7).
11
Let d(n) = 7*n + 8*n**2 - 25 - 3*n + 2*n + 10 + 14. Determine d(-2).
19
Let o(q) = -2*q**2 + 2*q + 3. Suppose 801 = -7*g - 3203. Let v = g - -577. Calculate o(v).
-37
Let v(m) = 3*m**2 + 2*m - 8. Let z(g) = 6*g**2 + 4*g - 17. Let y(j) = 13*v(j) - 6*z(j). Let x = -50 + 59. Let s = x - 7. Determine y(s).
14
Let j(a) be the first derivative of -a**2 + 1/3*a**3 + 40 - 7*a. What is j(5)?
8
Let z(p) = p 